2*d**2 + d - 2. Let r be x(2). Let p = r - m. Calculate the remainder when 71 is divided by p.
17
Suppose 17*y - 232 = 584. Calculate the remainder when 191 is divided by y.
47
Let z(r) = -2*r**2 - 2*r + 57. Let n be 4/8 - (-2)/(-4). Calculate the remainder when z(n) is divided by 20.
17
Let x(d) = 9*d + 247. Calculate the remainder when 112 is divided by x(-15).
0
Suppose -3*v + 15 = 2*v. Suppose -v*p + 324 = 6*p. Calculate the remainder when p is divided by 19.
17
Let b = 88 + -55. Suppose 0 = -4*q - 2*g + 112, 0*q + 2*g = q - b. Calculate the remainder when 57 is divided by q.
28
Let v(s) = s**3 - 12*s**2 + 36*s. What is the remainder when 82 is divided by v(8)?
18
Calculate the remainder when (88/10)/(43/4730) is divided by 108.
104
Suppose o - 6 + 3 = -f, 6 = 2*f - 5*o. Suppose 0 = f*y + i + i - 13, -3*y + 1 = -4*i. Calculate the remainder when 28 is divided by 12 + 3 + -3 + y.
13
Let n be 8/(-5 + 1) + 4. Suppose p = -2*j + 28, 5*p + n*j = 113 + 43. What is the remainder when 62 is divided by (p/3)/(20/30)?
14
Suppose 3*r + 4*l = -199 + 612, -2*l + 415 = 3*r. Calculate the remainder when r is divided by 13.
9
Suppose -a - 86 = -3*a. Let m = -2 + 7. Suppose 2*f - 5*t - 43 = -4*t, -3*f + 84 = m*t. Calculate the remainder when a is divided by f.
20
Suppose -5*p = 25, -2*p - 1 = w + 5. Suppose -w*t + t = 0. Suppose t = -3*r + 5*r - 4. What is the remainder when 8 is divided by r?
0
Let d be (-3)/(-2)*(-40)/6. Let b be ((-92)/8 - -1)*2. Let j = d - b. What is the remainder when j is divided by 7?
4
Suppose 2*h - 5*a + 23 = 0, 21 = -3*h + 4*a - 3. Let g be (h/3)/((-6)/9). Suppose 0 = -3*i - g*i + 50. What is the remainder when 18 is divided by i?
8
Let q = -4 - -13. Suppose 25 = 14*o - q*o. What is the remainder when o is divided by 2?
1
Suppose 29*w - 24*w - 5*b = 305, 0 = w + 3*b - 81. What is the remainder when w is divided by 38?
28
Let a(p) = -p**3 + 11*p**2 + 13*p + 7. Let n be (-7)/28 - (-49)/4. What is the remainder when a(n) is divided by 7?
5
Suppose -5*v - 4*k = -64, 36*k + 49 = 4*v + 37*k. Suppose 3*b + 1 = -5. Let o(r) = r**2 - 2*r - 3. Calculate the remainder when v is divided by o(b).
2
Suppose o = -2*o - 15. Let h(p) = -15*p + 1. Calculate the remainder when h(o) is divided by (2 - -1)*-5*(-156)/90.
24
Suppose c + 9*f + 13 = 5*f, c - 5*f = 23. Calculate the remainder when 57 is divided by c.
0
Suppose -25*n - 13 = -26*n. Suppose n*y - 11*y = 196. Calculate the remainder when y is divided by 20.
18
Suppose 0 = 3*s + 3*h - 147, -4*h + 73 - 183 = -2*s. What is the remainder when 65 is divided by s?
14
Suppose 5 = 7*j - 16. Suppose -2*a = j*a + 3*m - 97, 0 = a - m - 21. Calculate the remainder when 79 is divided by a.
19
Let p(j) = 3*j + 13. Let u be p(-9). Let x = u - -17. What is the remainder when 5 is divided by x?
2
Suppose -2*r + 49 = -3. Suppose 29 = 5*h - r. Suppose 4*c - s - 130 = c, 4*s + 47 = c. What is the remainder when c is divided by h?
10
Suppose 381 = 14*n + 129. What is the remainder when 87 is divided by n?
15
Let w(c) = 4*c**2 - 3*c + c**2 + 2 + 7*c - 3*c**2. Let l(o) = -o + 2. Calculate the remainder when l(-7) is divided by w(-2).
1
Let g(h) = 17*h + 57. Let n be g(-4). Calculate the remainder when (-132)/n - (2 - 5) is divided by ((-6)/4)/(3/(-16)).
7
Let v = 158 + -89. Suppose -81 = -3*w + 2*l, 0 = w - 2*l - 31 - 0. Calculate the remainder when v is divided by w.
19
Let q(r) = 2*r + 3. Suppose -4*u + 53 = 3*d, 2*u - 695 = -3*d - 646. What is the remainder when d is divided by q(3)?
6
Let g = 94 - 70. Calculate the remainder when 454 is divided by g.
22
Suppose 4*j - 3*c - 281 = 0, 103 + 65 = 2*j + 4*c. Suppose -76 = -7*r + 5*r. Calculate the remainder when j is divided by r.
36
Let o = -154 + 95. Let f = -38 - o. What is the remainder when 82 is divided by f?
19
Suppose -7*g + 12 = -3*g. Suppose y + g*y - 92 = 0. Calculate the remainder when y is divided by (-4)/30 - (-985)/75.
10
Suppose -o - 90 = -5*y, 4*o + 4*y = y - 360. What is the remainder when 79 is divided by o/(-21)*42/9?
19
Suppose 0 = 78*u - 91*u + 234. Suppose l + 255 = 6*l. What is the remainder when l is divided by u?
15
Let g be (-1)/2*2*-4. Let f(l) = l. Let n be f(g). Calculate the remainder when 225/20 + 3/n is divided by 7.
5
Let m = -59 + 134. Calculate the remainder when m is divided by 41.
34
Suppose -m - 40 = -3*n + 2*n, 4*n - 2*m - 158 = 0. Let r(b) = 118*b - 8. What is the remainder when r(1) is divided by n?
32
Suppose 2640*k = 2651*k - 836. What is the remainder when 249 is divided by k?
21
Let k(w) be the second derivative of w**4/12 - 5*w**3/6 + w**2/2 - 10*w. Let q(x) = x**2 + x + 1. Calculate the remainder when q(-1) is divided by k(5).
0
Let d(n) = 3*n**2 + 10*n + 27. Let k(v) = -4*v**2 - 9*v - 27. Let y(c) = 3*d(c) + 2*k(c). What is the remainder when 273 is divided by y(-14)?
53
Suppose 4 = -2*r, 3*n - 48 = -0*r - 3*r. Let q = n + 15. Suppose 187 - q = 7*w. Calculate the remainder when 62 is divided by w.
18
Calculate the remainder when 40 is divided by ((-1 - -2)*11)/(3/3).
7
Let d = 2538 + -941. What is the remainder when d is divided by 16?
13
Suppose -2*c - 5*p - 27 - 22 = 0, -3*p = 3. Let x = -20 - c. Suppose 2*a - 5 + 3 = 0, -x*o - 5*a = -41. What is the remainder when 71 is divided by o?
17
Suppose -8 + 160 = 4*d. Calculate the remainder when d is divided by ((-20)/6)/(-4 + 161/42).
18
What is the remainder when (1 + -48)/(19/(-1197)*9) is divided by 37?
33
Let w = 17 + -8. Let r be (-12)/(-10) - 5/25. Suppose w = x + r. What is the remainder when 14 is divided by x?
6
Suppose -18 = -2*l + 3*a, l + 2*a + 56 = 6*l. Calculate the remainder when l is divided by -1*(-4 + (-3)/1).
5
Let o = 51 + -69. What is the remainder when (-9)/(1 - o/(-15)) - 0 is divided by 24?
21
Suppose 6*b - 36 = -6. Let n(y) = 2*y - 6. Let o be n(b). Suppose 3*r - 27 = -3*w, 17 = o*w + 2*r - 17. Calculate the remainder when 23 is divided by w.
7
Let s = 2 - -20. Let r = 25 - s. Suppose -4*l = 4*t - 292, l - 257 = -r*l + 3*t. What is the remainder when l is divided by 23?
22
Let g(s) = -s - 2. Suppose 3*x - 37 = -3*a + 5*x, 0 = 2*x + 10. Let h = 15 - a. Calculate the remainder when g(-11) is divided by h.
3
Let s = 43 + -43. Suppose 0 = -3*f - 15, 0 = -d - s*d + 4*f + 34. Calculate the remainder when 40 is divided by d.
12
Let s be 0/(-1)*(-1)/(-2). Suppose -18 = -3*t - s. Calculate the remainder when t is divided by 3*16/(-36)*(-9)/4.
0
Let b(h) = -11*h + 150. Calculate the remainder when b(11) is divided by 10.
9
Let c be 34 + 2 + -3 + 0. Let s be c*-1*(-3)/(-9). Let v = 22 + s. What is the remainder when 31 is divided by v?
9
Suppose 4*r = -4*a + 72, -r = a - 2*a - 16. Let t(k) = -k + 30. Calculate the remainder when 60 is divided by t(r).
8
What is the remainder when 390 is divided by (48/(-32))/((-3)/28)?
12
Let q = 426 - 338. What is the remainder when q is divided by 20?
8
Let t = -52 - -58. Suppose -3*q = t*q - 36. Calculate the remainder when 16 is divided by q.
0
Let w be 47 + 3 + (0 + -3 - -4). Suppose -5*h + w = 3*j - 29, 5*h - 105 = -4*j. Let g(x) = x**2 - 3*x - 7. What is the remainder when g(-6) is divided by j?
22
Suppose 2*m = 5*z + 10, 0 = 4*z - 5*z + 2*m - 10. Suppose z = 5*d + 10, -5*j + 130 = -0*d + 5*d. Calculate the remainder when j is divided by 6.
4
Let g = 535 + -232. What is the remainder when g is divided by 4?
3
Let m = 762 + -630. Calculate the remainder when m is divided by 45.
42
Let m(x) = -8*x**2 - 318*x + 86. What is the remainder when 1/(0 - 2/(-90)) is divided by m(-40)?
3
Let v = 416 - 399. What is the remainder when 24 is divided by v?
7
Let i be (-3)/(-2)*(-3)/9*2. What is the remainder when 47 is divided by (5/((-40)/(-6)))/(i/(-16))?
11
Suppose 5*p - x - 67 = 19, p - 15 = -2*x. Let h(y) = y**2 - 26*y + 3. What is the remainder when p is divided by h(26)?
2
Let l(w) = -w**2 + 9*w - 20. Let p be l(11). Let q = p - -54. What is the remainder when 21 is divided by q?
9
Let g = -8 - -12. Suppose -g*a = -8, 0 = -r - a + 2*a. Calculate the remainder when 55 is divided by 0 - -3 - (r - 13).
13
Let x(b) = b + 33. What is the remainder when 118 is divided by x(-26)?
6
Let y(m) = m**2 + m - 8. Calculate the remainder when 41 is divided by y(-4).
1
Suppose 3*y + l - 285 - 284 = 0, -4*y + 748 = 4*l. Suppose 11*u =